 by 873?
71
Calculate the remainder when 37569 is divided by 4147.
246
What is the remainder when 17077 is divided by 33?
16
What is the remainder when 2891 is divided by 1114?
663
Calculate the remainder when 404 is divided by 15.
14
What is the remainder when 109471 is divided by 273?
271
What is the remainder when 7616 is divided by 7605?
11
Calculate the remainder when 136085 is divided by 68032.
21
What is the remainder when 499 is divided by 220?
59
Calculate the remainder when 7002 is divided by 195.
177
What is the remainder when 45648 is divided by 202?
198
Calculate the remainder when 9864 is divided by 9833.
31
What is the remainder when 357 is divided by 201?
156
Calculate the remainder when 42265 is divided by 10562.
17
Calculate the remainder when 48152 is divided by 41.
18
Calculate the remainder when 293526 is divided by 51.
21
What is the remainder when 158320 is divided by 31?
3
What is the remainder when 38325 is divided by 74?
67
Calculate the remainder when 26731 is divided by 461.
454
What is the remainder when 146375 is divided by 1480?
1335
Calculate the remainder when 3346 is divided by 2485.
861
Calculate the remainder when 7542 is divided by 37.
31
What is the remainder when 294 is divided by 290?
4
What is the remainder when 387811 is divided by 1247?
1241
What is the remainder when 134630 is divided by 49?
27
What is the remainder when 62655 is divided by 176?
175
Calculate the remainder when 2800 is divided by 480.
400
Calculate the remainder when 13121 is divided by 202.
193
What is the remainder when 164222 is divided by 7819?
23
Calculate the remainder when 469250 is divided by 1182.
1178
What is the remainder when 99244 is divided by 561?
508
Calculate the remainder when 861 is divided by 137.
39
What is the remainder when 4214 is divided by 62?
60
Calculate the remainder when 5236 is divided by 546.
322
What is the remainder when 9066 is divided by 20?
6
Calculate the remainder when 3197 is divided by 77.
40
What is the remainder when 3397 is divided by 579?
502
Calculate the remainder when 210833 is divided by 47.
38
Calculate the remainder when 125448 is divided by 263.
260
Calculate the remainder when 18157 is divided by 193.
15
What is the remainder when 273470 is divided by 68354?
54
What is the remainder when 136698 is divided by 279?
267
What is the remainder when 141624 is divided by 65?
54
What is the remainder when 17448 is divided by 4356?
24
Calculate the remainder when 47236 is divided by 23.
17
What is the remainder when 211208 is divided by 855?
23
What is the remainder when 485756 is divided by 328?
316
Calculate the remainder when 12292 is divided by 509.
76
What is the remainder when 66694 is divided by 702?
4
Calculate the remainder when 69494 is divided by 429.
425
Calculate the remainder when 35359 is divided by 26.
25
What is the remainder when 21162 is divided by 285?
72
Calculate the remainder when 4400 is divided by 1455.
35
Calculate the remainder when 122598 is divided by 88.
14
What is the remainder when 26621 is divided by 702?
647
Calculate the remainder when 6693 is divided by 1336.
13
Calculate the remainder when 14910 is divided by 95.
90
What is the remainder when 41490 is divided by 156?
150
Calculate the remainder when 542104 is divided by 230.
224
What is the remainder when 9374 is divided by 3115?
29
What is the remainder when 105757 is divided by 11713?
340
Calculate the remainder when 990 is divided by 957.
33
Calculate the remainder when 47134 is divided by 11778.
22
Calculate the remainder when 1885 is divided by 236.
233
Calculate the remainder when 8048 is divided by 40.
8
What is the remainder when 6715 is divided by 2052?
559
What is the remainder when 1809 is divided by 224?
17
Calculate the remainder when 200477 is divided by 433.
431
What is the remainder when 5202 is divided by 407?
318
Calculate the remainder when 42583 is divided by 47.
1
What is the remainder when 942 is divided by 226?
38
What is the remainder when 286474 is divided by 71614?
18
Calculate the remainder when 8113 is divided by 3138.
1837
What is the remainder when 1127 is divided by 289?
260
Calculate the remainder when 16776 is divided by 5465.
381
Calculate the remainder when 868813 is divided by 24.
13
What is the remainder when 76887 is divided by 692?
75
Calculate the remainder when 169641 is divided by 587.
585
What is the remainder when 130796 is divided by 692?
8
Calculate the remainder when 206245 is divided by 68744.
13
What is the remainder when 2980 is divided by 743?
8
What is the remainder when 36321 is divided by 137?
16
Calculate the remainder when 53674 is divided by 126.
124
Calculate the remainder when 4452 is divided by 578.
406
What is the remainder when 431857 is divided by 315?
307
Calculate the remainder when 24813 is divided by 8269.
6
Calculate the remainder when 2283 is divided by 115.
98
What is the remainder when 204 is divided by 197?
7
What is the remainder when 78296 is divided by 718?
34
What is the remainder when 65501 is divided by 23?
20
Calculate the remainder when 1312 is divided by 46.
24
What is the remainder when 773987 is divided by 32?
3
What is the remainder when 36960 is divided by 24?
0
What is the remainder when 358 is divided by 196?
162
Calculate the remainder when 105565 is divided by 4.
1
What is the remainder when 22846 is divided by 295?
131
What is the remainder when 2622 is divided by 89?
41
What is the remainder when 2023 is divided by 68?
51
What is the remainder when 700280 is divided by 201?
197
Calculate the remainder when 980 is divided by 815.
165
Calculate the remainder when 19953 is divided by 6637.
42
Calculate the remainder when 829041 is divided by 99.
15
Calculate the remainder when 4367 is divided by 1445.
32
Calculate the remainder when 243599 is divided by 1918.
13
What is the remainder when 221779 is divided by 1253?
1251
What is the remainder when 191450 is divided by 23931?
2
What is the remainder when 9582 is divided by 1915?
7
What is the remainder when 1704 is divided by 35?
24
Calculate the remainder when 2236220 is divided by 117.
116
What is the remainder when 386 is divided by 100?
86
Calculate the remainder when 3901 is divided by 1620.
661
Calculate the remainder when 1457 is divided by 98.
85
What is the remainder when 19170 is divided by 1597?
6
Calculate the remainder when 32821 is divided by 888.
853
What is the remainder when 517440 is divided by 19?
13
Calculate the remainder when 25068 is divided by 399.
330
Calculate the remainder when 3856 is divided by 59.
21
What is the remainder when 8167 is divided by 71?
2
What is the remainder when 85632 is divided by 732?
720
What is the remainder when 5638 is divided by 48?
22
Calculate the remainder when 2626 is divided by 8.
2
Calculate the remainder when 7217 is divided by 441.
161
Calculate the remainder when 20611 is divided by 180.
91
What is the remainder when 1609 is divided by 130?
49
Calculate the remainder when 18507 is divided by 134.
15
What is the remainder when 10584 is divided by 882?
0
Calculate the remainder when 5567 is divided by 1635.
662
Calculate the remainder when 9057 is divided by 141.
33
Calculate the remainder when 10740 is divided by 10709.
31
What is the remainder when 51962 is divided by 311?
25
Calculate the remainder when 31716 is divided by 34.
28
Calculate the remainder when 441836 is divided by 12.
8
Calculate the remainder when 50637 is divided by 633.
630
Calculate the remainder when 73362 is divided by 5.
2
What is the remainder when 45883 is divided by 161?
159
What is the remainder when 219679 is divided by 23?
6
What is the remainder when 20958 is divided by 1189?
745
What is the remainder when 1764 is divided by 458?
390
Calculate the remainder when 455272 is divided by 43.
31
Calculate the remainder when 10300 is divided by 544.
508
What is the remainder when 26059 is divided by 25?
9
What is the remainder when 6988 is divided by 125?
113
What is the remainder when 15411 is divided by 1?
0
What is the remainder when 1034139 is divided by 16953?
6
Calculate the remainder when 13613 is divided by 16.
13
What is the remainder when 7567 is divided by 184?
23
Calculate the remainder when 74702 is divided by 41.
0
Wh